{"id":4408,"date":"2026-04-26T06:25:45","date_gmt":"2026-04-26T06:25:45","guid":{"rendered":"https:\/\/pixelcode.site\/awana\/?post_type=product&#038;p=4408"},"modified":"2026-04-26T06:25:47","modified_gmt":"2026-04-26T06:25:47","slug":"switzerland","status":"publish","type":"product","link":"https:\/\/pixelcode.site\/awana\/product\/switzerland\/","title":{"rendered":"Switzerland"},"content":{"rendered":"<p>Collage avec technique mixte avec pi\u00e8ces d\u00e9tach\u00e9es de montres, papier et r\u00e9sine.<\/p>\n<p>WITHOUT FRAME<\/p>\n<p>Artiste: Mercedes Lamborelle<\/p>\n<p>Pi\u00e8ce unique<\/p>\n<p>50 cm X 60 cm<\/p>\n","protected":false},"excerpt":{"rendered":"<p>Collage avec technique mixte avec pi\u00e8ces d\u00e9tach\u00e9es de montres, papier et r\u00e9sine. WITHOUT FRAME Artiste: Mercedes Lamborelle Pi\u00e8ce unique 50 cm X 60 cm<\/p>\n","protected":false},"featured_media":3613,"template":"","meta":[],"product_brand":[],"product_cat":[66],"product_tag":[],"class_list":{"0":"post-4408","1":"product","2":"type-product","3":"status-publish","4":"has-post-thumbnail","6":"product_cat-art-paintings","8":"first","9":"instock","10":"shipping-taxable","11":"purchasable","12":"product-type-simple"},"_links":{"self":[{"href":"https:\/\/pixelcode.site\/awana\/wp-json\/wp\/v2\/product\/4408","targetHints":{"allow":["GET"]}}],"collection":[{"href":"https:\/\/pixelcode.site\/awana\/wp-json\/wp\/v2\/product"}],"about":[{"href":"https:\/\/pixelcode.site\/awana\/wp-json\/wp\/v2\/types\/product"}],"wp:featuredmedia":[{"embeddable":true,"href":"https:\/\/pixelcode.site\/awana\/wp-json\/wp\/v2\/media\/3613"}],"wp:attachment":[{"href":"https:\/\/pixelcode.site\/awana\/wp-json\/wp\/v2\/media?parent=4408"}],"wp:term":[{"taxonomy":"product_brand","embeddable":true,"href":"https:\/\/pixelcode.site\/awana\/wp-json\/wp\/v2\/product_brand?post=4408"},{"taxonomy":"product_cat","embeddable":true,"href":"https:\/\/pixelcode.site\/awana\/wp-json\/wp\/v2\/product_cat?post=4408"},{"taxonomy":"product_tag","embeddable":true,"href":"https:\/\/pixelcode.site\/awana\/wp-json\/wp\/v2\/product_tag?post=4408"}],"curies":[{"name":"wp","href":"https:\/\/api.w.org\/{rel}","templated":true}]}}