{"id":4539,"date":"2026-04-26T06:26:08","date_gmt":"2026-04-26T06:26:08","guid":{"rendered":"https:\/\/pixelcode.site\/awana\/?post_type=product&#038;p=4539"},"modified":"2026-04-26T19:42:34","modified_gmt":"2026-04-26T19:42:34","slug":"bandeau-en-fourrure-dalpaga-blanc","status":"publish","type":"product","link":"https:\/\/pixelcode.site\/awana\/product\/bandeau-en-fourrure-dalpaga-blanc\/","title":{"rendered":"bandeau en fourrure d\u2019alpaga BLANC"},"content":{"rendered":"<p>Nouveaut\u00e9 sign\u00e9e Awana Alpaca : le bandeau en fourrure d\u2019alpaga r\u00e9invente l\u2019\u00e9l\u00e9gance hivernale avec deux fonctions en une seule pi\u00e8ce. Port\u00e9 en bandeau, il apporte une touche moderne ; transform\u00e9 en col, il enveloppe le cou avec un chic naturel.<\/p>\n<p>Disponible en blanc et en noir, un accessoire ing\u00e9nieux et intemporel, o\u00f9 la fourrure d\u2019alpaga r\u00e9v\u00e8le toute sa noblesse, entre confort, style et sophistication naturelle. Cet hiver, chaque d\u00e9tail compte pour r\u00e9pondre \u00e0 l\u2019appel du style.<\/p>\n","protected":false},"excerpt":{"rendered":"<p>Nouveaut\u00e9 sign\u00e9e Awana Alpaca : le bandeau en fourrure d\u2019alpaga r\u00e9invente l\u2019\u00e9l\u00e9gance hivernale avec deux fonctions en une seule pi\u00e8ce. Port\u00e9 en bandeau, il apporte une touche moderne ; transform\u00e9 en col, il enveloppe le cou avec un chic naturel. Disponible en blanc et en noir, un accessoire ing\u00e9nieux et intemporel, o\u00f9 la fourrure d\u2019alpaga &#8230; <a title=\"bandeau en fourrure d\u2019alpaga BLANC\" class=\"read-more\" href=\"https:\/\/pixelcode.site\/awana\/product\/bandeau-en-fourrure-dalpaga-blanc\/\" aria-label=\"Read more about bandeau en fourrure d\u2019alpaga BLANC\">Read more<\/a><\/p>\n","protected":false},"featured_media":3934,"template":"","meta":[],"product_brand":[],"product_cat":[54,45],"product_tag":[],"class_list":{"0":"post-4539","1":"product","2":"type-product","3":"status-publish","4":"has-post-thumbnail","6":"product_cat-hats-beanies","7":"product_cat-scarves-shawls","9":"first","10":"instock","11":"sale","12":"shipping-taxable","13":"purchasable","14":"product-type-simple"},"_links":{"self":[{"href":"https:\/\/pixelcode.site\/awana\/wp-json\/wp\/v2\/product\/4539","targetHints":{"allow":["GET"]}}],"collection":[{"href":"https:\/\/pixelcode.site\/awana\/wp-json\/wp\/v2\/product"}],"about":[{"href":"https:\/\/pixelcode.site\/awana\/wp-json\/wp\/v2\/types\/product"}],"wp:featuredmedia":[{"embeddable":true,"href":"https:\/\/pixelcode.site\/awana\/wp-json\/wp\/v2\/media\/3934"}],"wp:attachment":[{"href":"https:\/\/pixelcode.site\/awana\/wp-json\/wp\/v2\/media?parent=4539"}],"wp:term":[{"taxonomy":"product_brand","embeddable":true,"href":"https:\/\/pixelcode.site\/awana\/wp-json\/wp\/v2\/product_brand?post=4539"},{"taxonomy":"product_cat","embeddable":true,"href":"https:\/\/pixelcode.site\/awana\/wp-json\/wp\/v2\/product_cat?post=4539"},{"taxonomy":"product_tag","embeddable":true,"href":"https:\/\/pixelcode.site\/awana\/wp-json\/wp\/v2\/product_tag?post=4539"}],"curies":[{"name":"wp","href":"https:\/\/api.w.org\/{rel}","templated":true}]}}